{"id":1023,"date":"2024-07-30T18:30:38","date_gmt":"2024-07-30T21:30:38","guid":{"rendered":"https:\/\/camisetamagazine.com.br\/?post_type=product&#038;p=1023"},"modified":"2024-07-30T19:04:45","modified_gmt":"2024-07-30T22:04:45","slug":"zeus","status":"publish","type":"product","link":"https:\/\/camisetamagazine.com.br\/?product=zeus","title":{"rendered":"Zeus"},"content":{"rendered":"","protected":false},"excerpt":{"rendered":"[table color=\"grey\" ]MATERIA PRIMA: Fio penteado COMPOSI\u00c7\u00c3O: 100% algod\u00e3o TIPO DO FIO: 30.1 GRAMATURA: 160gr \u00a0TOQUE: Macio[\/table]\n<p><a href=\"http:\/\/www.camisetamagazine.com.br\/wp-content\/uploads\/2014\/09\/Tamanhos.jpg\"><img loading=\"lazy\" decoding=\"async\" class=\"alignnone size-medium wp-image-468\" src=\"http:\/\/www.camisetamagazine.com.br\/wp-content\/uploads\/2014\/09\/Tamanhos-300x92.jpg\" alt=\"Tamanhos\" width=\"300\" height=\"92\" srcset=\"https:\/\/camisetamagazine.com.br\/wp-content\/uploads\/2014\/09\/Tamanhos-300x92.jpg 300w, https:\/\/camisetamagazine.com.br\/wp-content\/uploads\/2014\/09\/Tamanhos.jpg 366w\" sizes=\"(max-width: 300px) 100vw, 300px\" \/><\/a><\/p>\n[table color=\"grey\" ]PRAZO DE ENTREGA: em at\u00e9 10 (dez) dias para produ\u00e7\u00e3o da camiseta somados ao prazo dado pela TRANSPORTADORA[\/table]\n[table color=\"grey\" ]POL\u00cdTICA DE TROCA: As trocas poder\u00e3o ser feitas em at\u00e9 7 (sete) \u00a0dias ap\u00f3s o recebimento da mercadoria desde que devolvida em sua embalagem original. Ser\u00e3o trocadas mercadorias nas seguintes condi\u00e7\u00f5es: 1-) Defeito de fabrica\u00e7\u00e3o. 2-) Medidas inadequadas. 3-) Insatisfa\u00e7\u00e3o do cliente com o produto.<\/p>\n<p>As trocas ser\u00e3o efetuadas apenas em\u00a0mercadorias que forem devolvidas sem marcas de uso e sem odores tais como: perfume, desodorante, suor e outros.<\/p>\n<p>Outras d\u00favidas por\u00e3o ser esclarecidas entrando na sess\u00e3o POL\u00cdTICAS no menu principal ou enviado um e-mail pelo formul\u00e1rio na sess\u00e3o CONTATO.<\/p>\n<p>[\/table]\n","protected":false},"featured_media":1032,"comment_status":"closed","ping_status":"closed","template":"","meta":[],"product_cat":[101],"product_tag":[],"class_list":{"0":"post-1023","1":"product","2":"type-product","3":"status-publish","4":"has-post-thumbnail","6":"product_cat-mitologia","7":"pa_cor-azul-marinho","8":"pa_cor-preto","9":"pa_tamanho-g","10":"pa_tamanho-gg","11":"pa_tamanho-m","12":"pa_tamanho-p","14":"first","15":"onbackorder","16":"featured","17":"shipping-taxable","18":"purchasable","19":"product-type-variable","20":"has-default-attributes","21":"add-to-wishlist-after_add_to_cart"},"_links":{"self":[{"href":"https:\/\/camisetamagazine.com.br\/index.php?rest_route=\/wp\/v2\/product\/1023"}],"collection":[{"href":"https:\/\/camisetamagazine.com.br\/index.php?rest_route=\/wp\/v2\/product"}],"about":[{"href":"https:\/\/camisetamagazine.com.br\/index.php?rest_route=\/wp\/v2\/types\/product"}],"replies":[{"embeddable":true,"href":"https:\/\/camisetamagazine.com.br\/index.php?rest_route=%2Fwp%2Fv2%2Fcomments&post=1023"}],"wp:featuredmedia":[{"embeddable":true,"href":"https:\/\/camisetamagazine.com.br\/index.php?rest_route=\/wp\/v2\/media\/1032"}],"wp:attachment":[{"href":"https:\/\/camisetamagazine.com.br\/index.php?rest_route=%2Fwp%2Fv2%2Fmedia&parent=1023"}],"wp:term":[{"taxonomy":"product_cat","embeddable":true,"href":"https:\/\/camisetamagazine.com.br\/index.php?rest_route=%2Fwp%2Fv2%2Fproduct_cat&post=1023"},{"taxonomy":"product_tag","embeddable":true,"href":"https:\/\/camisetamagazine.com.br\/index.php?rest_route=%2Fwp%2Fv2%2Fproduct_tag&post=1023"}],"curies":[{"name":"wp","href":"https:\/\/api.w.org\/{rel}","templated":true}]}}