{"id":430,"date":"2014-07-11T14:17:43","date_gmt":"2014-07-11T14:17:43","guid":{"rendered":"http:\/\/www.camisetamagazine.com.br\/?page_id=430"},"modified":"2014-07-11T18:29:20","modified_gmt":"2014-07-11T18:29:20","slug":"como-comprar","status":"publish","type":"page","link":"https:\/\/camisetamagazine.com.br\/?page_id=430","title":{"rendered":"Como comprar"},"content":{"rendered":"<p style=\"text-align: justify;\">\n<div class=\"box-sections numbers-sections margin-bottom \">\n\t<div class=\"number number-left number-zero\"><\/div>\n\t<div class=\"number number-right number-1\"><\/div>\n\t<h4>Escolha seus <span class=\"title-highlight\">Produtos<\/span><\/h4>\t<p> Escolha suas camisetas a vontade e clique no bot\u00e3o COMPRAR para adicion\u00e1-las a sua lista de compras. Ap\u00f3s adicionar o produto voc\u00ea pode continuar comprando clicando no bot\u00e3o CONTINUAR COMPRANDO ou finalizar a compra no carrinho de compras. <\/p>\n<\/div><\/p>\n<p style=\"text-align: justify;\">\n<div class=\"box-sections numbers-sections margin-bottom \">\n\t<div class=\"number number-left number-zero\"><\/div>\n\t<div class=\"number number-right number-2\"><\/div>\n\t<h4>V\u00e1 para o <span class=\"title-highlight\">Carrinho<\/span><\/h4>\t<p>No carrinho de compras voc\u00ea pode alterar as quantidades e calcular a taxa de envio. Clicando no bot\u00e3o FINALIZAR COMPRA para ir ao pr\u00f3ximo passo. <\/p>\n<\/div><\/p>\n<p style=\"text-align: justify;\">\n<div class=\"box-sections numbers-sections margin-bottom \">\n\t<div class=\"number number-left number-zero\"><\/div>\n\t<div class=\"number number-right number-3\"><\/div>\n\t<h4>Preencha seus <span class=\"title-highlight\">Dados<\/span><\/h4>\t<p>Se voc\u00ea j\u00e1 tiver uma conta na CAMISETA MAGAZINE simplesmente entre com os seus dados para ir para o pr\u00f3ximo passo. Caso n\u00e3o tenha uma conta por favor preencha seus dados para fazer o registro. Ap\u00f3s o cadastro preencha os dados do endere\u00e7o de cobran\u00e7a e do endere\u00e7o de envio e prossiga para o pr\u00f3ximo passo.\u00a0<\/p>\n<\/div><\/p>\n<p style=\"text-align: justify;\">\n<div class=\"box-sections numbers-sections margin-bottom \">\n\t<div class=\"number number-left number-zero\"><\/div>\n\t<div class=\"number number-right number-4\"><\/div>\n\t<h4>Efetue o <span class=\"title-highlight\">Pagamento<\/span><\/h4>\t<p>Voc\u00ea ser\u00e1 direcionado para o site do PAGSEGURO. Escolha a forma de pagamento e efetua a sua transa\u00e7\u00e3o de forma segura. Logo ap\u00f3s voc\u00ea retornar\u00e1 \u00e0 nossa p\u00e1gina onde ser\u00e1 poss\u00edvel verificar seus pedidos e efetuar novas compras. <\/p>\n<\/div><\/p>\n<p>&nbsp;<\/p>\n<p>&nbsp;<\/p>\n","protected":false},"excerpt":{"rendered":"<p>&nbsp; &nbsp;<\/p>\n","protected":false},"author":1,"featured_media":0,"parent":0,"menu_order":0,"comment_status":"closed","ping_status":"closed","template":"","meta":{"footnotes":""},"class_list":["post-430","page","type-page","status-publish","hentry"],"_links":{"self":[{"href":"https:\/\/camisetamagazine.com.br\/index.php?rest_route=\/wp\/v2\/pages\/430"}],"collection":[{"href":"https:\/\/camisetamagazine.com.br\/index.php?rest_route=\/wp\/v2\/pages"}],"about":[{"href":"https:\/\/camisetamagazine.com.br\/index.php?rest_route=\/wp\/v2\/types\/page"}],"author":[{"embeddable":true,"href":"https:\/\/camisetamagazine.com.br\/index.php?rest_route=\/wp\/v2\/users\/1"}],"replies":[{"embeddable":true,"href":"https:\/\/camisetamagazine.com.br\/index.php?rest_route=%2Fwp%2Fv2%2Fcomments&post=430"}],"version-history":[{"count":9,"href":"https:\/\/camisetamagazine.com.br\/index.php?rest_route=\/wp\/v2\/pages\/430\/revisions"}],"predecessor-version":[{"id":441,"href":"https:\/\/camisetamagazine.com.br\/index.php?rest_route=\/wp\/v2\/pages\/430\/revisions\/441"}],"wp:attachment":[{"href":"https:\/\/camisetamagazine.com.br\/index.php?rest_route=%2Fwp%2Fv2%2Fmedia&parent=430"}],"curies":[{"name":"wp","href":"https:\/\/api.w.org\/{rel}","templated":true}]}}